 is 7 - -10f?
116
In base 9, what is -53 - -16?
-36
In base 2, what is -111100 + 1?
-111011
In base 12, what is -50 + -4?
-54
In base 11, what is 329 - 4?
325
In base 6, what is 214 - 2?
212
In base 6, what is 11002 - -1?
11003
In base 9, what is -4 + 1748?
1744
In base 9, what is -3 + 134?
131
In base 15, what is -101 + 5?
-eb
In base 3, what is 11 + 1111020?
1111101
In base 15, what is 7 + 131?
138
In base 4, what is -1230301 - -1?
-1230300
In base 2, what is -101 - -1001101100?
1001100111
In base 10, what is -150 + -3?
-153
In base 3, what is -2 + -100020?
-100022
In base 7, what is 1 - 456?
-455
In base 9, what is 3 + -3?
0
In base 8, what is 1157 + -2?
1155
In base 10, what is -26 + -23?
-49
In base 16, what is 2 - -798?
79a
In base 7, what is -3 + -10122?
-10125
In base 7, what is -4 - 614?
-621
In base 12, what is 167 + -6?
161
In base 12, what is -3 + -14ab?
-14b2
In base 2, what is 100001 - -100010?
1000011
In base 12, what is -8 - 108?
-114
In base 3, what is 12 - -1202200?
1202212
In base 3, what is 2022 + -12?
2010
In base 2, what is -100 + -100000?
-100100
In base 11, what is 113 - -3?
116
In base 2, what is 110 + -11000001?
-10111011
In base 2, what is 1101100011 + 101?
1101101000
In base 3, what is -100 + -1121002?
-1121102
In base 7, what is 2 + -10134?
-10132
In base 4, what is 32201 - 3?
32132
In base 10, what is 1854 + -7?
1847
In base 7, what is 66 - 3?
63
In base 10, what is -15 + -982?
-997
In base 5, what is 4330 - -1?
4331
In base 10, what is 1213 - -2?
1215
In base 7, what is -112 - 44?
-156
In base 14, what is -2a - 11?
-3b
In base 8, what is -31 + -10?
-41
In base 16, what is 6 + -16f?
-169
In base 14, what is -1d - 551?
-570
In base 14, what is 5 - -cb?
d2
In base 16, what is -9ca - -5?
-9c5
In base 8, what is -11 - 31?
-42
In base 5, what is -1100 + -2?
-1102
In base 6, what is 115 + 11?
130
In base 11, what is 13 + -16?
-3
In base 7, what is 1155 + -6?
1146
In base 5, what is -3321 - 124?
-4000
In base 11, what is 4 + -10a?
-106
In base 13, what is 4 - -c5?
c9
In base 14, what is 25b - 0?
25b
In base 14, what is a44 - -1?
a45
In base 16, what is 1 + 25c?
25d
In base 7, what is -33 + 13?
-20
In base 2, what is 11100 - 11?
11001
In base 15, what is -8 + 5?
-3
In base 9, what is 7303 + 4?
7307
In base 14, what is a - 6?
4
In base 15, what is 9 - 601?
-5e7
In base 3, what is 1110001 - 2?
1102222
In base 13, what is 1 + -54?
-53
In base 15, what is -1 + 17d?
17c
In base 7, what is -5 - 222?
-230
In base 16, what is -44 + -5e?
-a2
In base 12, what is -17a4 - -5?
-179b
In base 13, what is 34 - 3?
31
In base 10, what is 32 - -160?
192
In base 13, what is 7b0 - 3?
7aa
In base 2, what is 100 + 10001001011?
10001001111
In base 6, what is 21 + -2023?
-2002
In base 5, what is 33 + -302?
-214
In base 3, what is -10022 + -22?
-10121
In base 10, what is -1 + 159?
158
In base 14, what is 2 + -19d?
-19b
In base 3, what is 101221000 - 1?
101220222
In base 13, what is -32 - -3?
-2c
In base 16, what is 5db + -5?
5d6
In base 9, what is -17 - 4?
-22
In base 12, what is 855 + 1?
856
In base 11, what is -89 + 7?
-82
In base 13, what is -6 - -146?
140
In base 9, what is -45 + -147?
-203
In base 6, what is 232 + -5?
223
In base 13, what is -a - -5?
-5
In base 9, what is 5 - -260?
265
In base 8, what is -2110 - 1?
-2111
In base 3, what is 12 + -1001?
-212
In base 8, what is -67 - -1?
-66
In base 12, what is 4b64 + 3?
4b67
In base 6, what is -1415 + -22?
-1441
In base 12, what is -100 - -3?
-b9
In base 11, what is -19 + 12?
-7
In base 13, what is -1 - 23b?
-23c
In base 9, what is 11145 + -3?
11142
In base 15, what is -4 - 199?
-19d
In base 15, what is 5 + 5b?
61
In base 13, what is -2 - -68?
66
In base 13, what is -109 - -3?
-106
In base 13, what is 0 + -18a6?
-18a6
In base 15, what is -3 + -307?
-30a
In base 9, what is -5 + -18?
-24
In base 11, what is 1575 - -7?
1581
In base 3, what is -22110 - -201?
-21202
In base 2, what is 100011 + -110?
11101
In base 9, what is -1 + 1243?
1242
In base 2, what is 1 + 110111000?
110111001
In base 7, what is 144312 + 2?
144314
In base 9, what is 151 - -2?
153
In base 10, what is 156 + 4?
160
In base 7, what is 1 - 1125?
-1124
In base 6, what is -300 + 101?
-155
In base 7, what is -12 + 50?
35
In base 12, what is -78 - -7?
-71
In base 10, what is -112 - 7?
-119
In base 9, what is 7 + -43?
-35
In base 7, what is -123 - -15?
-105
In base 13, what is 4 - 5c?
-58
In base 14, what is 34 + 90?
c4
In base 9, what is 1 - -2?
3
In base 3, what is 2 + -2020101?
-2020022
In base 11, what is -1 + 19?
18
In base 10, what is -1 - -104?
103
In base 8, what is 5 - 746?
-741
In base 2, what is 10 - -1011001?
1011011
In base 6, what is 124 - 0?
124
In base 16, what is 5 - -5c?
61
In base 3, what is 2 + -21?
-12
In base 11, what is -1 + -249?
-24a
In base 8, what is -4 - -337?
333
In base 11, what is -4 + 3204?
3200
In base 11, what is -12 - 77?
-89
In base 8, what is -3 + -20?
-23
In base 11, what is -112 - -3?
-10a
In base 12, what is 404 - -2?
406
In base 6, what is 51 + -23?
24
In base 9, what is 65 - 8?
56
In base 14, what is 9066 + -2?
9064
In base 2, what is -1011011011 + -10001?
-1011101100
In base 6, what is 1 - 1002?
-1001
In base 7, what is -32 - 103?
-135
In base 6, what is 33531 + -2?
33525
In base 7, what is -5 - 111?
-116
In base 2, what is -100111100 - 100?
-101000000
In base 4, what is -321023 + 11?
-321012
In base 8, what is 4 + 4732?
4736
In base 6, what is -2 - 440?
-442
In base 11, what is 1 + 4a?
50
In base 12, what is a3 + -5?
9a
In base 3, what is -1000 - -110100?
102100
In base 10, what is 130 + -61?
69
In base 7, what is 254 + -5?
246
In base 13, what is 1 + -38?
-37
In base 15, what is 5 - -48?
4d
In base 9, what is 22 + 6?
28
In base 2, what is 11110 - -1001?
100111
In base 14, what is -5 - -adc?
ad7
In base 8, what is -5 - 5?
-12
In base 5, what is 22230 + -3?
22222
In base 15, what is 32 - 2?
30
In base 12, what is 59 - 7?
52
In base 15, what is -cd - -7d?
-50
In base 9, what is -16 + -56?
-73
In base 4, what is 21010 - 3?
21001
In base 5, what is 4 + -130?
-121
In base 3, what is -10102 + 12?
-10020
In base 6, what is 1023411 + 0?
1023411
In base 10, what is 465 - 2?
463
In base 3, what is 2 - 202?
-200
In base 3, what is -100002 - -10?
-22222
In base 11, what is 7 + -90?
-84
In base 5, what is 30 - 42?
-12
In base 14, what is 3163 - 3?
3160
In base 8, what is 20 - 0?
20
In base 6, what is 250 - 11?
235
In base 9, what is 0 - 14?
-14
In base 6, what is 20 - 3?
13
In base 10, what is 1 - -5544?
5545
In base 16, what is -1 + 25?
24
In base 14, what is -3 + -17b6?
-17b9
In base 6, what is 1 - -4435?
4440
In base 4, what is -301232 + -2?
-301300
In base 5, what is 21104 + -2?
21102
In base 15, what is -512 - 1?
-513
In base 12, what is 1 + 77?
78
In base 8, what is 3 - -506?
511
In base 2, what is 1 - 101011?
-101010
In base 2, what is -101 + 100?
-1
In base 10, what is -7433 + 2?
-7431
In base 5, what is 141410 - 10?
141400
In base 7, what is 1251 + 1?
1252
In base 8, what is 1 + -133?
-132
In base 15, what is -13 - 32?
-45
In base 11, what is -4 - 1680?
-1684
In base 13, what is -14 - 28?
-3c
In base 6, what is -5 + 243?
234
In base 7, what is 2 + 101?
103
In base 16, what is -8e4 + -3?
-8e7
In base 10, what is 3 + -660?
-657
In base 7, what is -15032 - 4?
-15036
In base 7, what is 3 - -36?
42
In base 9, what is -3 - -2308?
2305
In base 6, what is 400 + -5?
351
In base 6, what is -1 + 5445?
5444
In base 2, what is 11 - 10110110001?
-10110101110
In base 3, what is -12 - -2222?
2210
In base 8, what is -7 + -5263?
-5272
In base 10, what is 4 - 1938?
-1934
In base 10, what is 283 + 0?
283
In base 2, what is 1011 - 10001?
-110
In base 9, what is 2 - 13?
-11
In base 4, what is 13 + -33?
-20
In base 11, what is -6 + -56?
-61
In base 4, what is -2012 + -3?
-2021
In base 8, what is -43 + -4?
-47
In base 4, what is 300 + 10?
310
In base 2, what is 10 + 1101?
1111
In base 16, what is -48c + 4?
-488
In base 13, what is -4 + 54?
50
In base 11, what is -40 + -a?
-4a
In base 7, what is -50 + 6?
-41
In base 15, what is c45 + -3?
c42
In base 5, what is 20 + -3?
12
In base 13, what is 1 - -590?
591
In base 10, what is -11 - -211?
200
In base 12, what is -7 - -6?
-1
In base 10, what is -7 + -196?
-203
In base 1